{"id":12567,"date":"2023-05-25T08:00:55","date_gmt":"2023-05-25T08:00:55","guid":{"rendered":"https:\/\/aistec.com\/proyectos\/cosentino\/"},"modified":"2025-03-26T13:22:54","modified_gmt":"2025-03-26T13:22:54","slug":"cosentino","status":"publish","type":"proyectos","link":"https:\/\/aistec.com\/fr\/proyectos\/cosentino\/","title":{"rendered":"Cosentino"},"content":{"rendered":"","protected":false},"featured_media":8673,"template":"","filtros":[],"class_list":["post-12567","proyectos","type-proyectos","status-publish","has-post-thumbnail","hentry"],"yoast_head":"<!-- This site is optimized with the Yoast SEO plugin v27.4 - https:\/\/yoast.com\/product\/yoast-seo-wordpress\/ -->\n<title>Cosentino | aistec<\/title>\n<meta name=\"description\" content=\"Aistec a install\u00e9 le rev\u00eatement Bevel Lineal aux bureaux de Cosentino \u00e0 Madrid, am\u00e9liorant l&#039;acoustique et apportant de l&#039;\u00e9l\u00e9gance.\" \/>\n<meta name=\"robots\" content=\"index, follow, max-snippet:-1, max-image-preview:large, max-video-preview:-1\" \/>\n<link rel=\"canonical\" href=\"https:\/\/aistec.com\/fr\/proyectos\/cosentino\/\" \/>\n<meta property=\"og:locale\" content=\"fr_FR\" \/>\n<meta property=\"og:type\" content=\"article\" \/>\n<meta property=\"og:title\" content=\"Cosentino | aistec\" \/>\n<meta property=\"og:description\" content=\"Aistec a install\u00e9 le rev\u00eatement Bevel Lineal aux bureaux de Cosentino \u00e0 Madrid, am\u00e9liorant l&#039;acoustique et apportant de l&#039;\u00e9l\u00e9gance.\" \/>\n<meta property=\"og:url\" content=\"https:\/\/aistec.com\/fr\/proyectos\/cosentino\/\" \/>\n<meta property=\"og:site_name\" content=\"aistec\" \/>\n<meta property=\"article:publisher\" content=\"https:\/\/www.facebook.com\/AistecCreatingComfort\" \/>\n<meta property=\"article:modified_time\" content=\"2025-03-26T13:22:54+00:00\" \/>\n<meta property=\"og:image\" content=\"https:\/\/aistec.com\/wp-content\/uploads\/2023\/05\/cosentino_city_madrid_LGC_4115-scaled.jpg\" \/>\n\t<meta property=\"og:image:width\" content=\"1707\" \/>\n\t<meta property=\"og:image:height\" content=\"2560\" \/>\n\t<meta property=\"og:image:type\" content=\"image\/jpeg\" \/>\n<meta name=\"twitter:card\" content=\"summary_large_image\" \/>\n<meta name=\"twitter:label1\" content=\"Dur\u00e9e de lecture estim\u00e9e\" \/>\n\t<meta name=\"twitter:data1\" content=\"1 minute\" \/>\n<script type=\"application\/ld+json\" class=\"yoast-schema-graph\">{\"@context\":\"https:\\\/\\\/schema.org\",\"@graph\":[{\"@type\":\"WebPage\",\"@id\":\"https:\\\/\\\/aistec.com\\\/fr\\\/proyectos\\\/cosentino\\\/\",\"url\":\"https:\\\/\\\/aistec.com\\\/fr\\\/proyectos\\\/cosentino\\\/\",\"name\":\"Cosentino | aistec\",\"isPartOf\":{\"@id\":\"https:\\\/\\\/aistec.com\\\/fr\\\/#website\"},\"primaryImageOfPage\":{\"@id\":\"https:\\\/\\\/aistec.com\\\/fr\\\/proyectos\\\/cosentino\\\/#primaryimage\"},\"image\":{\"@id\":\"https:\\\/\\\/aistec.com\\\/fr\\\/proyectos\\\/cosentino\\\/#primaryimage\"},\"thumbnailUrl\":\"https:\\\/\\\/aistec.com\\\/wp-content\\\/uploads\\\/2023\\\/05\\\/cosentino_city_madrid_LGC_4115-scaled.jpg\",\"datePublished\":\"2023-05-25T08:00:55+00:00\",\"dateModified\":\"2025-03-26T13:22:54+00:00\",\"description\":\"Aistec a install\u00e9 le rev\u00eatement Bevel Lineal aux bureaux de Cosentino \u00e0 Madrid, am\u00e9liorant l'acoustique et apportant de l'\u00e9l\u00e9gance.\",\"breadcrumb\":{\"@id\":\"https:\\\/\\\/aistec.com\\\/fr\\\/proyectos\\\/cosentino\\\/#breadcrumb\"},\"inLanguage\":\"fr-FR\",\"potentialAction\":[{\"@type\":\"ReadAction\",\"target\":[\"https:\\\/\\\/aistec.com\\\/fr\\\/proyectos\\\/cosentino\\\/\"]}]},{\"@type\":\"ImageObject\",\"inLanguage\":\"fr-FR\",\"@id\":\"https:\\\/\\\/aistec.com\\\/fr\\\/proyectos\\\/cosentino\\\/#primaryimage\",\"url\":\"https:\\\/\\\/aistec.com\\\/wp-content\\\/uploads\\\/2023\\\/05\\\/cosentino_city_madrid_LGC_4115-scaled.jpg\",\"contentUrl\":\"https:\\\/\\\/aistec.com\\\/wp-content\\\/uploads\\\/2023\\\/05\\\/cosentino_city_madrid_LGC_4115-scaled.jpg\",\"width\":1707,\"height\":2560},{\"@type\":\"BreadcrumbList\",\"@id\":\"https:\\\/\\\/aistec.com\\\/fr\\\/proyectos\\\/cosentino\\\/#breadcrumb\",\"itemListElement\":[{\"@type\":\"ListItem\",\"position\":1,\"name\":\"Portada\",\"item\":\"https:\\\/\\\/aistec.com\\\/fr\\\/\"},{\"@type\":\"ListItem\",\"position\":2,\"name\":\"Proyectos\",\"item\":\"https:\\\/\\\/aistec.com\\\/fr\\\/proyectos\\\/\"},{\"@type\":\"ListItem\",\"position\":3,\"name\":\"Cosentino\"}]},{\"@type\":\"WebSite\",\"@id\":\"https:\\\/\\\/aistec.com\\\/fr\\\/#website\",\"url\":\"https:\\\/\\\/aistec.com\\\/fr\\\/\",\"name\":\"aistec\",\"description\":\"Paneles ac\u00fasticos\",\"publisher\":{\"@id\":\"https:\\\/\\\/aistec.com\\\/fr\\\/#organization\"},\"potentialAction\":[{\"@type\":\"SearchAction\",\"target\":{\"@type\":\"EntryPoint\",\"urlTemplate\":\"https:\\\/\\\/aistec.com\\\/fr\\\/?s={search_term_string}\"},\"query-input\":{\"@type\":\"PropertyValueSpecification\",\"valueRequired\":true,\"valueName\":\"search_term_string\"}}],\"inLanguage\":\"fr-FR\"},{\"@type\":\"Organization\",\"@id\":\"https:\\\/\\\/aistec.com\\\/fr\\\/#organization\",\"name\":\"AISTEC AISLAMIENTOS SLU\",\"url\":\"https:\\\/\\\/aistec.com\\\/fr\\\/\",\"logo\":{\"@type\":\"ImageObject\",\"inLanguage\":\"fr-FR\",\"@id\":\"https:\\\/\\\/aistec.com\\\/fr\\\/#\\\/schema\\\/logo\\\/image\\\/\",\"url\":\"https:\\\/\\\/aistec.com\\\/wp-content\\\/uploads\\\/2022\\\/09\\\/logo-aistec.png\",\"contentUrl\":\"https:\\\/\\\/aistec.com\\\/wp-content\\\/uploads\\\/2022\\\/09\\\/logo-aistec.png\",\"width\":249,\"height\":70,\"caption\":\"AISTEC AISLAMIENTOS SLU\"},\"image\":{\"@id\":\"https:\\\/\\\/aistec.com\\\/fr\\\/#\\\/schema\\\/logo\\\/image\\\/\"},\"sameAs\":[\"https:\\\/\\\/www.facebook.com\\\/AistecCreatingComfort\",\"https:\\\/\\\/www.instagram.com\\\/aistec_\\\/?hl=es\",\"https:\\\/\\\/www.linkedin.com\\\/company\\\/aistec-creating-comfort\\\/\"]}]}<\/script>\n<!-- \/ Yoast SEO plugin. -->","yoast_head_json":{"title":"Cosentino | aistec","description":"Aistec a install\u00e9 le rev\u00eatement Bevel Lineal aux bureaux de Cosentino \u00e0 Madrid, am\u00e9liorant l'acoustique et apportant de l'\u00e9l\u00e9gance.","robots":{"index":"index","follow":"follow","max-snippet":"max-snippet:-1","max-image-preview":"max-image-preview:large","max-video-preview":"max-video-preview:-1"},"canonical":"https:\/\/aistec.com\/fr\/proyectos\/cosentino\/","og_locale":"fr_FR","og_type":"article","og_title":"Cosentino | aistec","og_description":"Aistec a install\u00e9 le rev\u00eatement Bevel Lineal aux bureaux de Cosentino \u00e0 Madrid, am\u00e9liorant l'acoustique et apportant de l'\u00e9l\u00e9gance.","og_url":"https:\/\/aistec.com\/fr\/proyectos\/cosentino\/","og_site_name":"aistec","article_publisher":"https:\/\/www.facebook.com\/AistecCreatingComfort","article_modified_time":"2025-03-26T13:22:54+00:00","og_image":[{"width":1707,"height":2560,"url":"https:\/\/aistec.com\/wp-content\/uploads\/2023\/05\/cosentino_city_madrid_LGC_4115-scaled.jpg","type":"image\/jpeg"}],"twitter_card":"summary_large_image","twitter_misc":{"Dur\u00e9e de lecture estim\u00e9e":"1 minute"},"schema":{"@context":"https:\/\/schema.org","@graph":[{"@type":"WebPage","@id":"https:\/\/aistec.com\/fr\/proyectos\/cosentino\/","url":"https:\/\/aistec.com\/fr\/proyectos\/cosentino\/","name":"Cosentino | aistec","isPartOf":{"@id":"https:\/\/aistec.com\/fr\/#website"},"primaryImageOfPage":{"@id":"https:\/\/aistec.com\/fr\/proyectos\/cosentino\/#primaryimage"},"image":{"@id":"https:\/\/aistec.com\/fr\/proyectos\/cosentino\/#primaryimage"},"thumbnailUrl":"https:\/\/aistec.com\/wp-content\/uploads\/2023\/05\/cosentino_city_madrid_LGC_4115-scaled.jpg","datePublished":"2023-05-25T08:00:55+00:00","dateModified":"2025-03-26T13:22:54+00:00","description":"Aistec a install\u00e9 le rev\u00eatement Bevel Lineal aux bureaux de Cosentino \u00e0 Madrid, am\u00e9liorant l'acoustique et apportant de l'\u00e9l\u00e9gance.","breadcrumb":{"@id":"https:\/\/aistec.com\/fr\/proyectos\/cosentino\/#breadcrumb"},"inLanguage":"fr-FR","potentialAction":[{"@type":"ReadAction","target":["https:\/\/aistec.com\/fr\/proyectos\/cosentino\/"]}]},{"@type":"ImageObject","inLanguage":"fr-FR","@id":"https:\/\/aistec.com\/fr\/proyectos\/cosentino\/#primaryimage","url":"https:\/\/aistec.com\/wp-content\/uploads\/2023\/05\/cosentino_city_madrid_LGC_4115-scaled.jpg","contentUrl":"https:\/\/aistec.com\/wp-content\/uploads\/2023\/05\/cosentino_city_madrid_LGC_4115-scaled.jpg","width":1707,"height":2560},{"@type":"BreadcrumbList","@id":"https:\/\/aistec.com\/fr\/proyectos\/cosentino\/#breadcrumb","itemListElement":[{"@type":"ListItem","position":1,"name":"Portada","item":"https:\/\/aistec.com\/fr\/"},{"@type":"ListItem","position":2,"name":"Proyectos","item":"https:\/\/aistec.com\/fr\/proyectos\/"},{"@type":"ListItem","position":3,"name":"Cosentino"}]},{"@type":"WebSite","@id":"https:\/\/aistec.com\/fr\/#website","url":"https:\/\/aistec.com\/fr\/","name":"aistec","description":"Paneles ac\u00fasticos","publisher":{"@id":"https:\/\/aistec.com\/fr\/#organization"},"potentialAction":[{"@type":"SearchAction","target":{"@type":"EntryPoint","urlTemplate":"https:\/\/aistec.com\/fr\/?s={search_term_string}"},"query-input":{"@type":"PropertyValueSpecification","valueRequired":true,"valueName":"search_term_string"}}],"inLanguage":"fr-FR"},{"@type":"Organization","@id":"https:\/\/aistec.com\/fr\/#organization","name":"AISTEC AISLAMIENTOS SLU","url":"https:\/\/aistec.com\/fr\/","logo":{"@type":"ImageObject","inLanguage":"fr-FR","@id":"https:\/\/aistec.com\/fr\/#\/schema\/logo\/image\/","url":"https:\/\/aistec.com\/wp-content\/uploads\/2022\/09\/logo-aistec.png","contentUrl":"https:\/\/aistec.com\/wp-content\/uploads\/2022\/09\/logo-aistec.png","width":249,"height":70,"caption":"AISTEC AISLAMIENTOS SLU"},"image":{"@id":"https:\/\/aistec.com\/fr\/#\/schema\/logo\/image\/"},"sameAs":["https:\/\/www.facebook.com\/AistecCreatingComfort","https:\/\/www.instagram.com\/aistec_\/?hl=es","https:\/\/www.linkedin.com\/company\/aistec-creating-comfort\/"]}]}},"_links":{"self":[{"href":"https:\/\/aistec.com\/fr\/wp-json\/wp\/v2\/proyectos\/12567","targetHints":{"allow":["GET"]}}],"collection":[{"href":"https:\/\/aistec.com\/fr\/wp-json\/wp\/v2\/proyectos"}],"about":[{"href":"https:\/\/aistec.com\/fr\/wp-json\/wp\/v2\/types\/proyectos"}],"wp:featuredmedia":[{"embeddable":true,"href":"https:\/\/aistec.com\/fr\/wp-json\/wp\/v2\/media\/8673"}],"wp:attachment":[{"href":"https:\/\/aistec.com\/fr\/wp-json\/wp\/v2\/media?parent=12567"}],"wp:term":[{"taxonomy":"filtros","embeddable":true,"href":"https:\/\/aistec.com\/fr\/wp-json\/wp\/v2\/filtros?post=12567"}],"curies":[{"name":"wp","href":"https:\/\/api.w.org\/{rel}","templated":true}]}}

<!-- This site is optimized with the Yoast SEO plugin v27.4 - https://yoast.com/product/yoast-seo-wordpress/ -->
<title>Cosentino | aistec</title>
<meta name="description" content="Aistec a installé le revêtement Bevel Lineal aux bureaux de Cosentino à Madrid, améliorant l&#039;acoustique et apportant de l&#039;élégance." />
<meta name="robots" content="index, follow, max-snippet:-1, max-image-preview:large, max-video-preview:-1" />
<link rel="canonical" href="https://aistec.com/fr/proyectos/cosentino/" />
<meta property="og:locale" content="fr_FR" />
<meta property="og:type" content="article" />
<meta property="og:title" content="Cosentino | aistec" />
<meta property="og:description" content="Aistec a installé le revêtement Bevel Lineal aux bureaux de Cosentino à Madrid, améliorant l&#039;acoustique et apportant de l&#039;élégance." />
<meta property="og:url" content="https://aistec.com/fr/proyectos/cosentino/" />
<meta property="og:site_name" content="aistec" />
<meta property="article:publisher" content="https://www.facebook.com/AistecCreatingComfort" />
<meta property="article:modified_time" content="2025-03-26T13:22:54+00:00" />
<meta property="og:image" content="https://aistec.com/wp-content/uploads/2023/05/cosentino_city_madrid_LGC_4115-scaled.jpg" />
	<meta property="og:image:width" content="1707" />
	<meta property="og:image:height" content="2560" />
	<meta property="og:image:type" content="image/jpeg" />
<meta name="twitter:card" content="summary_large_image" />
<meta name="twitter:label1" content="Durée de lecture estimée" />
	<meta name="twitter:data1" content="1 minute" />
<script type="application/ld+json" class="yoast-schema-graph">{"@context":"https:\/\/schema.org","@graph":[{"@type":"WebPage","@id":"https:\/\/aistec.com\/fr\/proyectos\/cosentino\/","url":"https:\/\/aistec.com\/fr\/proyectos\/cosentino\/","name":"Cosentino | aistec","isPartOf":{"@id":"https:\/\/aistec.com\/fr\/#website"},"primaryImageOfPage":{"@id":"https:\/\/aistec.com\/fr\/proyectos\/cosentino\/#primaryimage"},"image":{"@id":"https:\/\/aistec.com\/fr\/proyectos\/cosentino\/#primaryimage"},"thumbnailUrl":"https:\/\/aistec.com\/wp-content\/uploads\/2023\/05\/cosentino_city_madrid_LGC_4115-scaled.jpg","datePublished":"2023-05-25T08:00:55+00:00","dateModified":"2025-03-26T13:22:54+00:00","description":"Aistec a installé le revêtement Bevel Lineal aux bureaux de Cosentino à Madrid, améliorant l'acoustique et apportant de l'élégance.","breadcrumb":{"@id":"https:\/\/aistec.com\/fr\/proyectos\/cosentino\/#breadcrumb"},"inLanguage":"fr-FR","potentialAction":[{"@type":"ReadAction","target":["https:\/\/aistec.com\/fr\/proyectos\/cosentino\/"]}]},{"@type":"ImageObject","inLanguage":"fr-FR","@id":"https:\/\/aistec.com\/fr\/proyectos\/cosentino\/#primaryimage","url":"https:\/\/aistec.com\/wp-content\/uploads\/2023\/05\/cosentino_city_madrid_LGC_4115-scaled.jpg","contentUrl":"https:\/\/aistec.com\/wp-content\/uploads\/2023\/05\/cosentino_city_madrid_LGC_4115-scaled.jpg","width":1707,"height":2560},{"@type":"BreadcrumbList","@id":"https:\/\/aistec.com\/fr\/proyectos\/cosentino\/#breadcrumb","itemListElement":[{"@type":"ListItem","position":1,"name":"Portada","item":"https:\/\/aistec.com\/fr\/"},{"@type":"ListItem","position":2,"name":"Proyectos","item":"https:\/\/aistec.com\/fr\/proyectos\/"},{"@type":"ListItem","position":3,"name":"Cosentino"}]},{"@type":"WebSite","@id":"https:\/\/aistec.com\/fr\/#website","url":"https:\/\/aistec.com\/fr\/","name":"aistec","description":"Paneles acústicos","publisher":{"@id":"https:\/\/aistec.com\/fr\/#organization"},"potentialAction":[{"@type":"SearchAction","target":{"@type":"EntryPoint","urlTemplate":"https:\/\/aistec.com\/fr\/?s={search_term_string}"},"query-input":{"@type":"PropertyValueSpecification","valueRequired":true,"valueName":"search_term_string"}}],"inLanguage":"fr-FR"},{"@type":"Organization","@id":"https:\/\/aistec.com\/fr\/#organization","name":"AISTEC AISLAMIENTOS SLU","url":"https:\/\/aistec.com\/fr\/","logo":{"@type":"ImageObject","inLanguage":"fr-FR","@id":"https:\/\/aistec.com\/fr\/#\/schema\/logo\/image\/","url":"https:\/\/aistec.com\/wp-content\/uploads\/2022\/09\/logo-aistec.png","contentUrl":"https:\/\/aistec.com\/wp-content\/uploads\/2022\/09\/logo-aistec.png","width":249,"height":70,"caption":"AISTEC AISLAMIENTOS SLU"},"image":{"@id":"https:\/\/aistec.com\/fr\/#\/schema\/logo\/image\/"},"sameAs":["https:\/\/www.facebook.com\/AistecCreatingComfort","https:\/\/www.instagram.com\/aistec_\/?hl=es","https:\/\/www.linkedin.com\/company\/aistec-creating-comfort\/"]}]}</script>
<!-- / Yoast SEO plugin. -->

Aistec a installé le revêtement Bevel Lineal aux bureaux de Cosentino à Madrid, améliorant l'acoustique et apportant de l'élégance.

Paneles acústicos
